57. Suppose l*v + 2984 = 16*v. Is v a composite number?
False
Is (-3*13)/((-84)/11732) a composite number?
True
Suppose -88 = -4*f - 5*r, 0 = 3*f - 0*f + 4*r - 66. Let z = 9 - 6. Suppose -z*u = -u - f. Is u a composite number?
False
Let h = -36 + 34. Is (2 + h/4)/(1/362) prime?
False
Let d = -14572 + 30755. Is d a prime number?
True
Let j(p) = -3122*p - 49. Let z be j(-8). Let a = 35572 - z. Is a a prime number?
False
Let d(j) be the second derivative of -j**6/60 - j**5/30 + j**4/4 + 7*j**3/6 - j**2 + j. Let s(i) be the first derivative of d(i). Is s(-4) prime?
True
Let k = -107 - -64. Let p = k - -11. Is ((-31)/(-2))/((-8)/p) composite?
True
Suppose 0 = 5*m - 2*m. Suppose -j + t - 1 - 4 = 0, m = j + 2*t - 10. Suppose j*l - 7*l + 679 = 0. Is l composite?
False
Suppose -5*i + 9*i - 5588 = -4*a, -4*a + 5590 = 3*i. Is a prime?
True
Let x = -83 + 85. Suppose x*h - 11948 = -0*h + 3*r, 0 = -h + 3*r + 5977. Is h a prime number?
False
Let h(v) = -2923*v + 10. Is h(-3) a prime number?
True
Let o = -6092 - -12014. Suppose -o = -4*q + 2*n, 3*q - 5*q + 5*n + 2957 = 0. Is q a composite number?
False
Let z = -358 + 127. Let u = 342 + z. Is u prime?
False
Let g(b) = 2*b**2 - b - 1. Let t be g(-1). Let d(w) = -51*w**2 - w - 1. Let m be d(t). Let o = -112 - m. Is o composite?
True
Suppose -3*d - 308 = d + h, 0 = 3*d - 4*h + 231. Let u = d - -255. Is u composite?
True
Let g = -15 + 14. Let d = g - -140. Is d a composite number?
False
Suppose 7*n - 12 = 4*n. Suppose n*w = w. Let l = 31 - w. Is l a composite number?
False
Suppose 97 = 4*k - 583. Suppose -5*y + 6*y = -10*y. Suppose 5*c = -y*c + k. Is c a composite number?
True
Let r(t) = t**3 + 30*t**2 + 29*t + 5. Let a be r(-24). Suppose k + 3*y = -0*k + a, -12 = 3*y. Is k prime?
True
Suppose -60*w + 64*w + 4*g = 79728, -3*g - 39859 = -2*w. Is w prime?
False
Suppose -2*y = 5*b + 40, -3*b - 32 = 5*y - 8. Let z = b + 8. Suppose -3*l - l = -4*p + 80, z = -2*p + 5*l + 55. Is p a composite number?
True
Suppose -9*p = -8*p + 5*q - 22006, -2*p + 43988 = 2*q. Is p composite?
False
Suppose 98 = -2*y - 2*z, -6*y + 3*z - 196 = -2*y. Let w = 522 + y. Is w a prime number?
False
Is 1*(-908 - -1)*(-14 - -1) a composite number?
True
Suppose -c + 6 = -3*a - 6, 9 = -2*c - 5*a. Suppose -21 + 63 = -c*q. Is -1 + 7/(q/(-696)) prime?
True
Let g(t) = -t**3 + 7*t**2 - 6*t - 6. Let a be g(6). Let n(c) = -c**2 - 7*c + 2. Let y be n(a). Is (-3)/(-4) - (-4978)/y a composite number?
True
Suppose 4 + 11 = -3*s. Let o(v) = v**2 + 5*v - 2. Let j be o(s). Is j/(100/(-49) + 2) a composite number?
True
Let b = 779 + -163. Let o = -302 + b. Is o prime?
False
Suppose -4*f + 4227 = 3*y, 4*f - 1920 = -4*y + 2308. Let m = 1834 - f. Is m a prime number?
False
Let l = 720 - -1504. Suppose -h - 4*o + 559 = -2*o, 4*h = -4*o + l. Is h composite?
True
Let p = -5229 + 8783. Is p a composite number?
True
Suppose 2*c - 5*h = 286, 2*h - h = 5*c - 738. Let d be (8/2)/((-8)/c). Let u = -41 - d. Is u prime?
False
Suppose -a - a = -28. Let t = a - 10. Suppose -y + t*y = 186. Is y prime?
False
Suppose 5*o - 3*n = 11992, 4*o - n - 1552 = 8043. Is o a prime number?
True
Is (-2 - 691)/(-7)*(-2)/(-6) prime?
False
Suppose -q - 977 = 3*o, -3*q - 1631 = 5*o - 0*q. Let d = o + 1112. Is d a composite number?
False
Let f(n) = -43*n**2 + 5*n + 7. Let u be f(-5). Suppose 1542 = -4*z + 5*z. Let d = u + z. Is d a prime number?
True
Let x(z) = 12*z**3 - 6*z**2 + 8*z - 3. Let i(w) = -w**3 + w**2 - w + 1. Let j(b) = -6*i(b) - x(b). Is j(-5) a composite number?
False
Let o(p) = -4*p**2 + 132*p + 5. Is o(31) prime?
False
Let u be (-662)/5 + 3 + (-12)/(-30). Is (-1)/(((-1)/(-9))/(u/9)) prime?
False
Suppose 6*f + z + 1021 = 3*f, z - 1031 = 3*f. Let p(u) = u**2 + u - 847. Let g be p(0). Let n = f - g. Is n prime?
False
Let o(h) = 57*h + 10. Let j be -2 - -4 - -1*2. Suppose j*s - 4 - 16 = 0. Is o(s) composite?
True
Let p(a) = -136*a**3 - 4*a**2 - a + 2. Let i be p(-2). Let v = i + -1803. Let s = -432 - v. Is s a composite number?
True
Let c(y) = -y**3 - y**2 + 9*y + 13639. Is c(0) a prime number?
False
Let w(x) = -2*x**3 - 6*x**2 - 8*x - 5. Let i(q) = 2*q - 22. Let r be i(8). Is w(r) composite?
True
Let r(v) = -2563*v**3 - 3*v - 5. Is r(-1) prime?
False
Let t(c) = -c**2 + 6*c + 2. Let i be t(6). Suppose -i*w = -5*w + 798. Let d = w - 139. Is d prime?
True
Let n(w) = 1670*w - 13. Is n(4) prime?
False
Let t(z) = -2*z**3 - 3*z**2. Let n be t(-2). Let d be -2*(1444/(-8) - n). Suppose d = f + 2*f. Is f prime?
False
Suppose 43*s - 1004648 = -249267. Is s a composite number?
True
Is 11955/(-9)*(24 - 27) prime?
False
Suppose -60344 = -13*y + 5*y. Is y composite?
True
Let i(a) = -2*a**3 + 6*a**2 - 6*a - 7. Suppose 0 = -0*u - 2*u + 60. Suppose 4*t + u = -t. Is i(t) a prime number?
True
Let f(r) = 274*r - 9. Let l = -18 + 22. Is f(l) composite?
False
Let g(d) = -2358*d - 5. Let f be g(1). Let z = -1486 - f. Is z prime?
True
Let c = 10325 - -18426. Is c a prime number?
True
Suppose 5*a - 2 = 8. Suppose -1960 = -0*k - a*k. Suppose 3*x + 2*s = -2*x + k, -4*x + s + 771 = 0. Is x composite?
True
Let p(r) = 23*r**3 - 5*r**2 + 17*r + 69. Is p(10) prime?
True
Suppose 5*a + 2*d = 0, -4*d - 18 = 3*a - 2*a. Suppose 244 - 96 = a*r. Let w = -51 + r. Is w prime?
True
Let z(u) = u**3 - 26*u**2 - 15*u - 19. Is z(29) a composite number?
False
Suppose 40*m + 19263 = 43*m. Is m prime?
True
Let t(y) = -y**3 - 2*y**2. Let g be t(-2). Suppose 2*j - 303 - 3780 = -3*u, 4*j = g. Is u a composite number?
False
Let z(j) be the second derivative of j**5/5 + 5*j**4/12 - 4*j**3/3 + 2*j**2 - 3*j. Is z(5) prime?
False
Let k = -14 + 19. Is (-9834)/(-5) - (-1)/k*1 prime?
False
Suppose -d = 4*t + 21 - 68, 2*t - 2*d - 26 = 0. Let b be (-8)/t + (-2800)/(-6). Suppose i = 5*x + b, -2*i + 3*i - 471 = 4*x. Is i composite?
False
Suppose 0 = 4*l + 29 - 81. Suppose l*a + 1082 = 15*a. Is a composite?
False
Let w be (-2)/7 - (-48)/21. Suppose 10*h = 6*h + 72. Suppose w*j - 2 = h. Is j composite?
True
Let t be (-42)/(-6) - (4 + 0). Suppose 3*o - j = 21 + 967, -t*j + 1339 = 4*o. Is o a prime number?
True
Suppose -56 = -8*z - 6*z. Let a(q) = 15*q**2 + 8*q - 49. Is a(z) a composite number?
False
Is (-2)/5 - (-621147)/155 composite?
False
Suppose 0 = -3*o + 4*o. Suppose -2*u = -o*u - 4*t - 138, 2*t = -u + 61. Is u a composite number?
True
Suppose 0*i - 2*t = 5*i - 135795, 108634 = 4*i + 2*t. Is i prime?
False
Is (-6)/((-72)/132195) - (-3)/4 a prime number?
False
Let d(j) = -1 - 4*j**2 + 5*j**2 - 5*j - 12 + 6. Let k be d(6). Is ((-1)/1 - 250)*k a prime number?
True
Is (351/12)/(-39) - (-24583)/4 a composite number?
True
Let r(w) = 10*w + 67. Let q(o) = -3*o - 22. Let i(d) = -7*q(d) - 2*r(d). Let j be i(-18). Is (j/(-6))/((-2)/2334) prime?
True
Let y = 3642 - 5524. Let v = 4061 + y. Is v a prime number?
True
Let n(m) = 73*m**2 + 9*m + 1. Let l(b) = 18*b**2 + 2*b. Let j(k) = 9*l(k) - 2*n(k). Let d be j(-5). Suppose -2*u = -w - d, -3*u + 8*u - w = 995. Is u composite?
False
Let b = -1 + 3. Let l be -2 + b + (-2 - -1). Is (-2)/l*43/2 composite?
False
Suppose -6*s - 8317 = -5*b - 2*s, 0 = 3*b + s - 4980. Is b a prime number?
False
Let b(f) = -369*f**2 - 2*f - 3. Let g(q) = -185*q**2 - q - 1. Let j be 2/10 + 130/(-25). Let o(k) = j*g(k) + 2*b(k). Is o(1) a prime number?
False
Let v = -8961 - -15179. Is v prime?
False
Let u be (-34)/(-6) + 10/(-15). Suppose -2*t = g - 9, u*t + g + 4 = 19. Is t/11 + (-282)/(-22) prime?
True
Let g(o) = 119*o**2 + 9*o + 29. Is g(-3) prime?
False
Let h be (-5 - -2)*2*1/(-2). Suppose -8*i + 4*i - h*f = -13472, 16817 = 5*i - 2*f. Is i composite?
True
Let h be (-1411)/3 + 4/(-6). Suppose -q + 4*k = 338, 2*q + 982 = -q + 4*k. Let b = q - h. Is b prime?
True
Suppose 493310 = 3231*a - 3221*a. Is a composite?
False
Suppose 4*a + 5211 - 24047 = 0. Is a prime?
False
Suppose 4*g = 21 - 1. Suppose g*o + 2577 = -3273. Is (-2)/(-4) + o/(-20) a prime number?
True
Suppose 110*k + 65605 = 115*k. Is k a prime number?
True
Let s(d) = -2*d**3 - d**2. Let m be s(1). Suppose 11*w = 10*w - 1. Is (w/m)/(13/19851) a prime number?
True
Let r(q) be the first derivative of q**4/4 + 2*q**3 - 9*q**2/2 - 5*q - 1. Suppose 4*k + 3*d = -2 - 10, -4*k - 5*d = 4. Is r(k) prime?
False
Suppose 11347 = 4*o + 5*s, -2*s = 2*o - 4192 - 1480. Is o composite?
False
Le